 169084?
164
Calculate the highest common divisor of 4158817 and 2746.
1373
Calculate the greatest common divisor of 107 and 6898397.
107
Calculate the greatest common divisor of 32 and 1391472.
16
What is the greatest common factor of 903501 and 27?
27
What is the greatest common divisor of 252 and 2017176?
84
Calculate the greatest common divisor of 2355 and 3587450.
785
What is the greatest common divisor of 69426 and 2436?
1218
What is the greatest common divisor of 26788 and 2534?
362
What is the highest common factor of 8364 and 328902?
246
What is the highest common factor of 45 and 3269640?
15
What is the greatest common divisor of 7 and 2978752?
7
Calculate the highest common factor of 2698 and 324754.
142
What is the highest common factor of 51 and 63971?
17
What is the greatest common divisor of 315439 and 108628?
2089
What is the greatest common divisor of 508974 and 492?
246
Calculate the highest common divisor of 517 and 27213.
47
What is the greatest common factor of 3669868 and 397?
397
Calculate the highest common divisor of 1296 and 17136.
144
Calculate the highest common divisor of 178 and 578856.
178
Calculate the greatest common factor of 3472605 and 3132.
783
What is the highest common divisor of 2156985 and 225?
45
Calculate the highest common divisor of 1478 and 207659.
739
Calculate the highest common factor of 1781 and 38623.
13
What is the greatest common divisor of 39825 and 312700?
1475
Calculate the highest common divisor of 91130 and 130.
130
What is the highest common divisor of 1079 and 175213?
83
Calculate the greatest common factor of 72325 and 44.
11
Calculate the highest common factor of 32 and 10681248.
32
What is the highest common divisor of 12138 and 534?
6
What is the highest common factor of 70630 and 11830?
70
What is the highest common divisor of 22 and 253781?
11
What is the greatest common factor of 8519172 and 372?
372
What is the highest common divisor of 2480 and 105710?
310
What is the greatest common factor of 63 and 38787?
21
What is the highest common factor of 1102 and 373350?
38
What is the highest common divisor of 304 and 1488?
16
Calculate the greatest common divisor of 104921 and 14101.
239
Calculate the greatest common factor of 74404 and 11.
11
Calculate the highest common factor of 7421 and 724.
181
What is the highest common divisor of 1424 and 4336?
16
Calculate the highest common factor of 548 and 25619.
137
Calculate the highest common divisor of 132871 and 218.
109
Calculate the greatest common divisor of 992 and 4768.
32
Calculate the greatest common divisor of 111780 and 45.
45
What is the greatest common divisor of 41 and 153586?
41
Calculate the highest common divisor of 2471 and 45184.
353
Calculate the highest common factor of 208 and 10166.
26
Calculate the highest common factor of 8 and 506924.
4
What is the highest common factor of 45400 and 3200?
200
What is the highest common divisor of 30 and 29613?
3
Calculate the highest common divisor of 1079946 and 21.
21
Calculate the greatest common divisor of 7401 and 729.
3
What is the greatest common divisor of 47 and 2671?
1
What is the greatest common factor of 3244 and 562834?
1622
What is the greatest common factor of 117 and 2961153?
117
Calculate the greatest common divisor of 2022 and 18.
6
What is the highest common factor of 1720 and 1859105?
215
Calculate the highest common divisor of 60671 and 247.
13
What is the greatest common divisor of 31224 and 324?
12
Calculate the highest common divisor of 508 and 120269.
127
What is the highest common factor of 24643 and 1976?
19
What is the greatest common factor of 1269 and 4455?
27
Calculate the greatest common factor of 3195 and 37701.
639
What is the highest common factor of 564980 and 13?
13
What is the greatest common factor of 138 and 180297?
69
What is the greatest common divisor of 60 and 150996?
12
Calculate the highest common factor of 122937 and 43.
43
Calculate the greatest common divisor of 24197355 and 35.
35
Calculate the greatest common divisor of 102420 and 1440.
180
What is the greatest common factor of 1975540 and 10300?
2060
Calculate the greatest common factor of 32 and 194608.
16
Calculate the greatest common factor of 105 and 105231.
21
Calculate the highest common factor of 3201 and 721292.
1067
Calculate the highest common divisor of 3728 and 1072.
16
Calculate the highest common divisor of 137 and 346062.
137
What is the highest common factor of 13557 and 3?
3
Calculate the highest common factor of 3689 and 718403.
119
What is the greatest common divisor of 78584 and 32054?
1034
What is the greatest common factor of 168 and 2976?
24
What is the greatest common divisor of 62 and 3309281?
31
Calculate the highest common factor of 3468 and 1836.
204
Calculate the highest common factor of 22 and 1477388.
22
What is the greatest common factor of 77000 and 110?
110
What is the highest common divisor of 219414 and 87?
87
What is the highest common factor of 96118 and 66?
22
Calculate the greatest common factor of 408494 and 58.
58
Calculate the greatest common divisor of 1703896 and 8.
8
What is the greatest common factor of 5696 and 768?
64
Calculate the highest common divisor of 1720 and 347870.
430
What is the highest common divisor of 27092 and 65?
13
Calculate the highest common factor of 47199 and 7.
1
What is the greatest common divisor of 179249 and 1421?
203
Calculate the greatest common factor of 16775 and 54351.
671
Calculate the highest common divisor of 426 and 153644.
142
What is the greatest common factor of 655 and 2105?
5
Calculate the highest common divisor of 642807 and 2718.
1359
What is the greatest common factor of 9585 and 74115?
135
Calculate the highest common factor of 396 and 8110278.
198
What is the highest common divisor of 40 and 1719560?
40
What is the highest common factor of 11986 and 962?
26
What is the greatest common divisor of 202 and 877993?
101
Calculate the greatest common factor of 280248 and 27.
3
Calculate the greatest common factor of 15957 and 5910.
591
Calculate the greatest common divisor of 275 and 51436.
11
Calculate the highest common divisor of 3698031 and 447.
447
What is the greatest common factor of 2449460 and 260?
260
What is the highest common factor of 512 and 540?
4
Calculate the greatest common divisor of 68202 and 6.
6
Calculate the greatest common factor of 1364 and 1023.
341
Calculate the greatest common factor of 4923 and 1026.
9
Calculate the highest common factor of 58 and 1109975.
29
What is the greatest common factor of 215534 and 194?
194
What is the greatest common divisor of 57633 and 6?
3
Calculate the greatest common factor of 731 and 1564.
17
What is the highest common divisor of 5472 and 444?
12
What is the highest common divisor of 11750 and 8100?
50
Calculate the highest common divisor of 63 and 270585.
63
Calculate the greatest common factor of 26 and 403429.
13
Calculate the highest common divisor of 22904 and 35.
7
Calculate the greatest common divisor of 77035 and 620.
155
Calculate the highest common factor of 301855 and 2920.
365
What is the greatest common divisor of 85 and 84845?
5
What is the greatest common factor of 22 and 628837?
11
What is the highest common divisor of 441 and 9?
9
What is the greatest common factor of 112 and 279776?
112
Calculate the greatest common factor of 42075 and 55.
55
What is the greatest common divisor of 64064 and 42?
14
What is the highest common factor of 206 and 2488274?
206
What is the greatest common divisor of 16502 and 9812?
446
Calculate the highest common factor of 84925 and 2580.
215
What is the highest common factor of 34 and 31467?
17
Calculate the greatest common divisor of 447715 and 755.
755
What is the highest common factor of 39985 and 25?
5
What is the greatest common divisor of 47606 and 78?
26
What is the greatest common divisor of 231013 and 1270?
127
What is the highest common factor of 260 and 4849364?
52
What is the greatest common divisor of 119 and 673897?
119
What is the greatest common factor of 704 and 65088?
64
Calculate the greatest common divisor of 14572 and 1084.
4
Calculate the highest common factor of 164 and 643044.
164
Calculate the highest common factor of 550 and 3641.
11
What is the highe